, -3*s = 5*g - 47. Suppose w + 0 = g. What is the remainder when 12 is divided by w?
5
Let w(y) = y**2 + y - 1. Let l be w(-4). Let m = -7 + l. Suppose -j - m*r + 32 = r, 22 = j + 3*r. What is the remainder when j is divided by 3?
1
Let r be (-38)/(-8) - (-7)/28. Suppose -d + 11 = -0*d - 4*q, -r*d + q = -36. What is the remainder when d is divided by 4?
3
Suppose 0 = -3*r - 0*r + 12. Suppose -7 = -r*v + 13. Suppose 2*p - k = 10, 5*p - k - k - 23 = 0. What is the remainder when v is divided by p?
2
Let y be 1 - -15 - (2 - 2). Let q(f) = 9*f. Let u be q(3). Let r = u - y. Calculate the remainder when r is divided by 4.
3
Suppose -4*b - 1 = 3*r, -6 = 3*r + 3. Suppose -5*p - 2*s = -37 - 37, 0 = -3*p - 5*s + 33. What is the remainder when (-1)/(b/29)*-2 is divided by p?
13
Suppose 12*u - 10*u - 6 = 0. What is the remainder when 3 is divided by u?
0
Let n(m) = 30 + 3*m - 2*m**3 - 4*m**3 - 32 + 5*m**3 - m**2. Calculate the remainder when 26 is divided by n(-3).
5
Suppose 0*a - 4*k + 196 = 4*a, -5*a = -3*k - 205. What is the remainder when a is divided by 12?
8
Let x(g) = -3*g - 3. Let n be (-2 + 2 + 1)*-8. Calculate the remainder when x(n) is divided by 12.
9
Suppose -4 = -t - 0*t. Suppose 5*o + w - 29 = -0*w, -t*o + 4*w + 4 = 0. Let n(s) = 2*s**2 + 1. What is the remainder when n(2) is divided by o?
4
Calculate the remainder when 3/(-6)*(2 + -80) is divided by 14.
11
Let x = -43 - -89. Calculate the remainder when x is divided by 16.
14
Let l(p) = -p**3 - 7*p**2 + 5*p - 1. Suppose f - 20 = -4*f. What is the remainder when l(-8) is divided by f?
3
Suppose 3*a = -t + 100, 5*a + 54 = -5*t + 504. Suppose 0*w - u + 27 = w, -t = -3*w - 5*u. Suppose 2*i - 35 = -9. Calculate the remainder when w is divided by i.
12
Let x = 37 - 14. What is the remainder when x is divided by 8?
7
Suppose -2 = -4*f + 6, 4*j + f - 78 = 0. Let o(b) = -7*b**3 + b**2 + b - 2. Calculate the remainder when o(-2) is divided by j.
18
Suppose 3*i + 185 = 5*b - 40, -4*i = -3*b + 146. Let w = 6 - -16. What is the remainder when b is divided by w?
20
Let j(c) = c + 1. Suppose 1 = -3*o + 10. What is the remainder when 10 is divided by j(o)?
2
Suppose b - 5*m - 2 = 0, -5*b - m = -2*b + 58. Calculate the remainder when 33 is divided by ((-3 - b) + 2)/1.
16
Let i = 9 + 2. Suppose 5*k - 3*k + 2 = 0. Calculate the remainder when (43/2)/(k/(-2)) is divided by i.
10
Suppose 0 = 6*q - q - 25. Let b(g) = 7*g + 3. Calculate the remainder when b(q) is divided by 20.
18
Suppose -12 = 4*b, -2*a + 2*b + 52 - 18 = 0. Calculate the remainder when 54 is divided by a.
12
Let u(g) = -g**2 + 3. Let z(l) = l + 6. What is the remainder when u(0) is divided by z(-5)?
0
Let j be (-2)/8 - 58/(-8). Suppose 11 + j = c. What is the remainder when 71 is divided by c?
17
Let c be ((-4)/6)/((-4)/246). Let n = c + 19. Suppose 2*z + 5*m - n = 0, z - 4*m - 41 = -m. Calculate the remainder when z is divided by 12.
11
Suppose -64 = -i - 3*i. Suppose 0 = 43*z - 42*z - 46. Calculate the remainder when z is divided by i.
14
Let r be (-1)/(2*3/(-438)). Let d = 163 - r. Calculate the remainder when d is divided by 23.
21
Let s = 10 - 5. What is the remainder when s is divided by -1 - (-1 + -2) - 0?
1
Suppose 0 = 2*l + 142. Calculate the remainder when -1 - l*1*1 is divided by 24.
22
Suppose -q + 4 = -6. Suppose 3*m - 88 = 116. What is the remainder when (m/5)/(4/q) is divided by 18?
16
Let d = 32 + -12. Calculate the remainder when d is divided by 11.
9
Let k = -1 + 17. What is the remainder when 47 is divided by k?
15
Let i(g) = g**3 - 6*g**2 + 3*g - 7. Calculate the remainder when 41 is divided by i(6).
8
Calculate the remainder when 49 is divided by (-2 - 2/(-2))*-17.
15
Let z(y) = -y + 2. Let d(n) = -1. Let u(s) = -6*d(s) - 5*z(s). Let x(b) = -b**2 - 14*b + 5. Let j be x(-14). What is the remainder when 61 is divided by u(j)?
19
Let p = 150 + -48. Calculate the remainder when p is divided by 21.
18
Let p(w) = 4*w - 10. Calculate the remainder when p(7) is divided by 10.
8
Suppose -2 = -5*l - 2*j, -2*l + 2*j = 3*j. Suppose 0 = 2*k + 4*b - 2 - 38, l*k - 25 = -b. Calculate the remainder when k is divided by 6.
4
Suppose 2*k - 10 = -3*c + k, 0 = 4*c + 4*k - 16. Let p(a) = a**2 + 4*a - 4. What is the remainder when p(-6) is divided by c?
2
Suppose -3*b + 20 = -121. Suppose -3*i = 5*c + 2*i - 55, 2*c = 3*i + 47. Calculate the remainder when b is divided by c.
15
Let r = -4 + 12. Let x(q) = q + 7. Let c be x(-6). Calculate the remainder when ((-7)/14)/(c/(-62)) is divided by r.
7
Calculate the remainder when 4/(-14) - (-384)/21 is divided by 10.
8
Let j = -11 - -39. Calculate the remainder when j is divided by 8/(-36) + (-184)/(-54)*3.
8
Let a be ((-20)/(-6))/((-1)/18). Let y(h) = 6*h**2 + 4*h - 7. What is the remainder when y(3) is divided by (-3)/(((-27)/a)/(-3))?
19
Suppose 0 = -3*s - 15, 5*i - 50 = 3*s - 4*s. Suppose -7*m = -3*m - 120. What is the remainder when m is divided by i?
8
Suppose 0 = -x + 2 + 1. Suppose -a + 0 = -2. Suppose 0 = -i + a. Calculate the remainder when x is divided by i.
1
Let d = -3 + 7. Let o(r) = 2*r**3 - 5*r**2 + 5*r. Let j be o(d). Suppose 4*l = -20 + j. Calculate the remainder when 22 is divided by l.
10
Let y be 4 + -5 + (-1)/(-1). Suppose x - 14 = -y*x. Calculate the remainder when 40 is divided by x.
12
Suppose -v - 840 = -5*i + v, 0 = -i + 5*v + 168. Calculate the remainder when i is divided by 19.
16
Let m(w) = w**2 - w + 2. Let g(x) = -10*x - 6. Let v be g(-5). Suppose -3*z + 0*p + v = p, -28 = -2*z - 2*p. Calculate the remainder when m(-6) is divided by z.
14
Let k = -123 - -130. Calculate the remainder when 55 is divided by k.
6
Suppose 4*r + 2*v - 27 = -v, r - 23 = -4*v. What is the remainder when -2 + (-160)/(-28) + 4/14 is divided by r?
1
Suppose 7 + 85 = 4*s. Let z = s - 3. What is the remainder when 58 is divided by z?
18
Let p(f) = 2*f**2 + 3*f - 20. Calculate the remainder when p(6) is divided by 15.
10
Suppose -3*b - q = -2*b - 22, -5*b - q = -126. Suppose 70 = 3*y + 2*y. What is the remainder when b is divided by y?
12
Suppose 0*l - 5*l + 4*f + 250 = 0, -2*l + f = -97. Calculate the remainder when l is divided by 16.
14
Suppose -3*y + 0*z - 1 = -4*z, 16 = 4*z. Suppose y*q - 12 = 8. Suppose 45 = 3*g + 3*r, g = -g + q*r + 54. What is the remainder when g is divided by 10?
9
Let t(n) = -n**2 + 10*n + 2. Suppose y + 1 = 0, -2*y = 4*o - 0*o - 22. Calculate the remainder when t(9) is divided by o.
5
Suppose -m = 3*m - 60. Calculate the remainder when 42 is divided by m.
12
Let i = 82 + -29. Calculate the remainder when i is divided by 6.
5
Let q be (-2 + 3)*(10 + -7). Suppose -172 = -q*i - 34. Calculate the remainder when i is divided by 16.
14
Let u(g) = 7*g - 2. What is the remainder when u(2) is divided by 7?
5
Let h = 1 - -4. Suppose -h = -g - 4. Calculate the remainder when 1 is divided by g.
0
Suppose -4*z + 8 + 0 = 0. Suppose -9 - 1 = -z*t, 26 = 4*x + 2*t. What is the remainder when 7 is divided by x?
3
What is the remainder when ((-20)/40)/((-1)/46) is divided by 6?
5
Let v(c) = -c**3 + 10*c**2 + 4*c - 13. Calculate the remainder when v(10) is divided by 10.
7
Suppose -4 = -z - 2. Let y be (18/8)/((-2)/(-8)). Let v = y - z. What is the remainder when v is divided by 3?
1
Suppose 293 = 5*i + 2*l, 5*i + 3*l - 329 = -37. What is the remainder when i is divided by 12?
11
Calculate the remainder when 46 is divided by (-4)/((-40)/225) - (-6)/4.
22
Let u be 37/3 + 2/3. Let k = 28 + -35. Let s = k + u. What is the remainder when 16 is divided by s?
4
Let r(l) = -l**2 - 8*l + 6. Let n be (-2 + 1)/((-1)/5). Suppose 5*i - 4*i + n*h = 42, 5*h = -3*i + 76. What is the remainder when i is divided by r(-8)?
5
Suppose -8 = -2*k - 5*p, 3*k - 5*p + 4 = 16. Suppose h - s - 2 = 0, 3*s = -k*h + 6*s + 13. Calculate the remainder when 26 is divided by h.
5
Suppose -f - 3*a + 16 = 0, f + 2*f = -3*a + 42. What is the remainder when 75 is divided by f?
10
Let i be 2/(1 + -3)*3. Let t(h) = h**2 + h - 3. Let q be t(i). Suppose q*s - 38 = -k, -5*s + 2*k = -s - 64. What is the remainder when 27 is divided by s?
13
Suppose -4*p + 16 = -0. Suppose -3*w - 38 + 9 = -p*k, -4*w - 7 = k. Let f(h) = 10*h - 2. What is the remainder when f(1) is divided by k?
3
Let x = -3 - -5. Suppose -i - 3*c = 2*c - 15, x*i = c 